10, -14*v + 13*v + 3*i + 438 = 0. List the prime factors of v.
2, 3, 71
Suppose 7*z - 4182 = 4596. List the prime factors of z.
2, 3, 11, 19
Suppose 5798 = 13*w - 3367. What are the prime factors of w?
3, 5, 47
Suppose -2*v + 1240 = 3*v. Let j be 1/3 + v/(-24). List the prime factors of 275/11*(-16)/j.
2, 5
Suppose 3*m + l = 177, m - 25 = l + 38. Suppose d = 4*d - m. Let s = -9 + d. What are the prime factors of s?
11
Let c be (-2)/5 + (-24)/(-60). Suppose c*k - 42 = -k. List the prime factors of k.
2, 3, 7
Suppose s + 3*w + 9 = 0, -s + 5*w + 11 = -4. Suppose 0 = 4*a - 2*o - 298, s*o = -4*o + 12. List the prime factors of a.
2, 19
Let c(g) = g**3 - 2*g**2 - 13*g - 5. What are the prime factors of c(10)?
5, 7, 19
Let w(s) = 3*s - 1. Let f be w(2). Suppose 5*v - a = 17, 3*v - f*a + 2 = -1. Suppose 174 = v*t - 2*k, -k + 82 = 3*t - 36. List the prime factors of t.
41
Let g = 8 + 1. Let q(h) = -h**3 + 9*h**2 + 6*h + 8. List the prime factors of q(g).
2, 31
Suppose 0 = -3*g - 5*d - 999, 3*d + 417 = 4*g + 1720. What are the prime factors of g/(-5) - (-18)/45?
2, 3, 11
What are the prime factors of (-11)/1*(-17)/(170/520)?
2, 11, 13
Let k = -111 - -224. What are the prime factors of k?
113
Let p(q) = 2*q + 1. Let t be p(2). Suppose 4*y = -2*i - 8, 4*i - y + t = -2. What are the prime factors of (38/(-6))/(i/24)?
2, 19
Suppose -5*m - 208 = d, 0*d - 3*d = 2*m + 559. Let q = d + 308. List the prime factors of q.
5
Let o = 73 + -48. Let d = o - 22. List the prime factors of d.
3
Let g = -2 - -5. Suppose 1320 = 18*s - g*s. List the prime factors of s.
2, 11
List the prime factors of 6/(-42) - 13620/(-84).
2, 3
Let r = -54 + 44. What are the prime factors of 5/(-2)*324/r?
3
Let l = 37 + -34. Suppose l*w - 86 = -20. What are the prime factors of w?
2, 11
What are the prime factors of (2/3 - 0) + (-65549)/(-33)?
1987
Let l(x) = 16 + 25*x + 10*x**2 + 22*x - 50*x. What are the prime factors of l(5)?
251
Suppose 62*z = -25*z + 73602. What are the prime factors of z?
2, 3, 47
Suppose 2*i + 5*s = 4*i - 6, -s + 6 = 2*i. Suppose 8 = i*q + l, 6*l - l = -4*q + 7. What are the prime factors of 18/q - (3 + -4)?
7
Suppose -5*y + 5*t - 325 = 0, 0*y = -3*y - 5*t - 163. Let g = 210 + y. What are the prime factors of g?
149
Suppose 0 = -41*v + 37*v + 848. List the prime factors of v.
2, 53
Suppose -928 = -4*u + 28. Let m = -134 + u. List the prime factors of m.
3, 5, 7
Let r = 1579 - 695. Suppose -8*h + r = -652. List the prime factors of h.
2, 3
Suppose 0*c + 5*c = -4*o + 6841, 3*c + o - 4106 = 0. List the prime factors of c.
37
Suppose 60 = 10*v + 10. List the prime factors of -1 + v - (-13 - 39).
2, 7
Let p be 1902 + -6 + 0*3/6. Suppose 3*q = 9*q - p. What are the prime factors of q?
2, 79
Suppose 3*d = -5*t + 7199, 2*t - 2398 = 76*d - 77*d. What are the prime factors of d?
2, 7, 43
Let u(m) = 54*m - 10. Let k be u(-6). List the prime factors of (-4)/16*1*2*k.
167
Suppose 0 = -3*s - 3*y + 1 + 2, 5 = -s + 5*y. Suppose s = -2*v + 10, -o - 5*v + 32 = -64. List the prime factors of o.
71
Let k(b) = 5*b**2 - 8*b + 5. Let n be k(-4). Suppose -c = -4*v - 6*c + n, -2*c + 27 = v. What are the prime factors of v?
3, 11
Suppose -83*v + 40 = -75*v. What are the prime factors of (378/v)/((-469)/70 - -7)?
2, 3, 7
Let x = 111 - 109. Suppose -3*z = -5*w + x*w + 438, -5*w + 728 = -4*z. What are the prime factors of w?
2, 3
Let i = -142 - -330. List the prime factors of i.
2, 47
Suppose -2600 + 223 = -4*h - 5*c, 0 = 5*h - 2*c - 2930. List the prime factors of h.
2, 3, 7
What are the prime factors of (2/(-2) - -2) + (7 - -1758)?
2, 883
Let f(r) = r**2 - 9*r + 2. Let d be f(7). Let y be 669/15 + d/20. Suppose -g + 5*g = y. What are the prime factors of g?
11
Let n = -207 + 359. Let w = -26 + n. What are the prime factors of w?
2, 3, 7
Let a(u) = -16*u**3 + u + 9. List the prime factors of a(-4).
3, 7
Suppose -50 = -2*t - 9*v + 12*v, t = 2*v + 27. What are the prime factors of t?
19
Suppose -4*l = -i + 687, 4*l + 3355 = 2*i + 3*i. List the prime factors of i.
23, 29
Let x be (10/(-4))/(18/(-108)). Let i = 151 + x. What are the prime factors of i?
2, 83
Let j(s) = s - 12. Let n be j(6). Let x = 6 - n. Let h = 44 - x. What are the prime factors of h?
2
Suppose 322 = 3*q - 5*l, -3*q - l + 329 = l. Let m = -30 + q. List the prime factors of m.
79
Suppose 0*a - 215 = -2*a - 5*b, 5*b + 445 = 4*a. Suppose 0*c = 5*c - a. Suppose -c = 4*s - 222. What are the prime factors of s?
2, 5
Suppose -2*c + 2*w - 4*w = 616, 0 = -c - 3*w - 302. Let g = c - -497. What are the prime factors of g?
2, 3, 31
Let s(a) = -344*a - 19. List the prime factors of s(-2).
3, 223
Let t be 8/(-6)*30/(-4). Let p(r) = 2 + t - r + 2. List the prime factors of p(11).
3
Let s be -3*(2 - 16/6). Suppose 0*t - s*t = -164. What are the prime factors of t?
2, 41
Let j = -652 + 3652. What are the prime factors of j?
2, 3, 5
Let f be (-3 - (-28)/8)*4. Suppose 0*u = i - 4*u - 220, -3*i + f*u = -700. Suppose 5*b + 51 - i = 0. List the prime factors of b.
37
Suppose a = -4*a - 155. Let q = a - -51. Let y = q - -19. What are the prime factors of y?
3, 13
Suppose -292 = 38*y - 39*y. What are the prime factors of y?
2, 73
Let s(f) = -13*f + 91. What are the prime factors of s(-3)?
2, 5, 13
Let t(z) = z**3 + z**2 - 7*z - 2. Let f be t(-3). Let h(y) = 92*y**3 + y**2 - 3*y + 3. List the prime factors of h(f).
3, 31
Let t be (1*-28)/(-4)*(-2)/(-7). Suppose b + t*x = -0*b + 82, -5*b + 382 = -4*x. What are the prime factors of b?
2, 3, 13
Let v be (-1 - (-2 - 0))*135. Suppose 5*q + v = 4*r, -2*r + r + 3*q + 25 = 0. What are the prime factors of r?
2, 5
Let c be (5/10)/((-2)/(-8)). Suppose 4*w = 3*n - 3 + 4, -2*w = -c*n + 2. List the prime factors of n.
5
Suppose -40*p + 35*p = -895. List the prime factors of p.
179
Let j = 32 + 129. Suppose 5*n - 59 = j. What are the prime factors of n?
2, 11
Let t be 1/(-7) + ((-2896)/14 - 0). Let n = 356 + t. What are the prime factors of n?
149
Let w(q) = 2*q**2 - 2*q - 10. Suppose 0 = -p - 5*t + 5, 4*t - 12 = -0*t. Let c be w(p). Suppose -x - c = -4*x. List the prime factors of x.
2, 5, 7
Suppose n = 2*n - 4*r - 1755, 5*r - 1737 = -n. What are the prime factors of n?
1747
Let o be 12/4 + 11 + 2. Suppose 13*i + 186 = o*i. What are the prime factors of i?
2, 31
Suppose 17115 = 10*m - 3765. List the prime factors of m.
2, 3, 29
What are the prime factors of (3 + 3 - 3) + 171 + -2?
2, 43
Let m(r) = 123*r + 241. What are the prime factors of m(5)?
2, 107
Let g(b) = b**2 - 58*b - 23. What are the prime factors of g(63)?
2, 73
Let n(m) = m**3 - m**2 - m + 3. Let j be n(0). Suppose 46*b = 51*b. Suppose -1 + 4 = 3*a - j*f, -2*a - 2*f + 22 = b. What are the prime factors of a?
2, 3
Let c(b) = -3*b**2 - 1 - 10 + 7 - b**3 + 5*b + 6. Let k be c(-4). List the prime factors of 25 - 3 - 6/k.
5
Suppose 8*n - 36 = 2*n. Suppose -2*l + z = -191, -n*l = -l - 4*z - 473. List the prime factors of l.
97
Let q be (-529)/(-2) - (-16)/32. Suppose -q = -5*g - 5*b, -2*b = -3*g - 0*b + 144. What are the prime factors of g?
2, 5
Let t = -12 + 15. Let z(m) = -m**3 + 2*m**2 - m - 9. Let g be z(t). Let b = 12 - g. What are the prime factors of b?
3, 11
Suppose 13*r + 155 = 3483. What are the prime factors of r?
2
Let f = 179 - -38. Let x = -88 + f. What are the prime factors of x?
3, 43
Suppose -4*m + o = -6293, 2*o = 3*m - 3*o - 4707. What are the prime factors of m?
2, 787
Let z(c) = c**3 + 14*c**2 - 49*c - 99. List the prime factors of z(-16).
173
Let n be (0 - 2) + 1 + 5. Suppose r + n*r = 15. Suppose 72 = -r*s + 7*s. List the prime factors of s.
2, 3
Let r = -95 - -99. Suppose r*z = 6*z - 198. What are the prime factors of z?
3, 11
Let f = -34 - -457. List the prime factors of f.
3, 47
Suppose 13*o - 9683 = -63. What are the prime factors of o?
2, 5, 37
Let m = -4 - 2. Let h = -7 - -5. Let r = h - m. What are the prime factors of r?
2
Let x be 312/120 + 2/5. Suppose -x*h = -6*h + 21. What are the prime factors of h?
7
Let c(b) = -5*b - 6. Let m be 2*(-2 + (-9)/6). Let r be c(m). Let t = 60 - r. What are the prime factors of t?
31
Let u = 157 - 69. What are the prime factors of u?
2, 11
What are the prime factors of (-1 + 5264/2)/(183/61)?
877
Suppose 0 = 81*d + 432 - 5049. What are the prime factors of d?
3, 19
Let q be (2/6)/(5/(-45)).